q(s) = 2*s**3 - 3*s**2 + 8*s - 3. Determine q(3).
48
Let q(u) = -u**3 + 20*u**2 - 19*u + 3. Give q(19).
3
Let j(f) = -f**3 + 4*f**2 + 3*f - 9. Give j(4).
3
Let l(i) = -i**3 + 42*i**2 - 42*i + 40. Calculate l(41).
-1
Let p(m) = 2*m + 9. Determine p(-5).
-1
Let t(y) = y**3 + 9*y**2 + 8*y - 3. What is t(-8)?
-3
Let l(h) = -3*h**3 - 10*h**2 - 6*h - 2. Determine l(-5).
153
Let m(f) = -44*f**2 + 570*f + 12. Give m(13).
-14
Let l(i) = 12*i - 13. What is l(-7)?
-97
Let c(n) = -6*n + 105. Calculate c(19).
-9
Let t(z) = 2*z - 38. Calculate t(12).
-14
Let v(t) = -t**3 + 6*t**2 - 10*t + 23. Determine v(5).
-2
Let z(a) = -a**2 + 6*a + 5. Give z(7).
-2
Let c(j) = -2*j - 9. Determine c(-5).
1
Let m(j) = 4*j**2 + 16*j - 2. Give m(-4).
-2
Let n(t) = -t**3 + 47*t**2 - 48*t + 63. Give n(46).
-29
Let u(r) = -r**3 + 38. What is u(0)?
38
Let p(k) = 8*k + 42. Determine p(-26).
-166
Let g(u) = u + 17. Give g(-19).
-2
Let k(j) = j**2 + 12*j - 4. Calculate k(-13).
9
Let k(m) = -3*m - 1. Give k(-6).
17
Let y(b) = -b**3 - 21*b**2 - 69*b - 21. Give y(-17).
-4
Let q(p) = p**2 + 14*p - 63. Determine q(-16).
-31
Let w(s) = s**2 + 27*s - 2. Determine w(-29).
56
Let o(m) = m**3 - 10*m**2 + m - 16. What is o(10)?
-6
Let p(z) = -z**3 + 13*z**2 - z + 15. Determine p(13).
2
Let x(f) = f**2 + 10*f + 13. Determine x(-7).
-8
Let z(b) = -108*b**2 + b - 1. What is z(1)?
-108
Let i(w) = 45*w**3 - 2*w**2 - w. Give i(-1).
-46
Let r(s) = 2*s + 19. Calculate r(-8).
3
Let h(b) = -2*b**2 - b + 2. Give h(2).
-8
Let s(j) = -j + 3. Calculate s(0).
3
Let p(t) = -t**2 - t + 132. What is p(0)?
132
Let o(s) = 7*s**2 - s - 2. Calculate o(-2).
28
Let q(d) = -8*d - 211. Calculate q(-26).
-3
Let l(k) = 21*k**3 + 2*k**2 - 4*k + 6. What is l(2)?
174
Let c(n) = -5*n + 24. Calculate c(10).
-26
Let s(j) = -j**2 - 2*j + 2. Give s(0).
2
Let m(f) = f**3 - 11*f**2 + 15*f - 9. Calculate m(10).
41
Let x(b) = -b**2 + 2*b + 3. What is x(6)?
-21
Let t(y) = 15*y - 30. Give t(7).
75
Let j(n) = n**3 - 7*n**2 + 4*n + 4. Give j(6).
-8
Let m(n) = 4*n + 66. Give m(-16).
2
Let x(a) = 5*a - 17. Calculate x(5).
8
Let i(l) = -10*l - 50. What is i(10)?
-150
Let j(z) = z**3 + 17*z**2 + 17*z. Give j(-16).
-16
Let l(v) = -2*v**2 + v - 10. Calculate l(0).
-10
Let n(f) = f - 30. Calculate n(6).
-24
Let y(z) = -z**3 + 7*z**2 - 4*z + 5. What is y(5)?
35
Let f(w) = -29*w + 1. What is f(-1)?
30
Let y(m) = -8*m + 2. Determine y(-3).
26
Let h(x) = -x**3 - 31*x**2 - x - 29. What is h(-31)?
2
Let n(g) = -g**3 + g**2 - g - 7. Calculate n(0).
-7
Let g(h) = -h**3 + 2*h**2 + 3*h + 11. What is g(0)?
11
Let l(g) = -g**2 - 19*g - 84. Calculate l(-12).
0
Let u(o) = 5*o - 82. Calculate u(15).
-7
Let g(b) = -b + 2. What is g(2)?
0
Let y(w) = -12*w - 14. Calculate y(-5).
46
Let q(p) = -55*p + 389. Give q(7).
4
Let d(h) = -2*h**2 + 5*h - 1. What is d(4)?
-13
Let v(a) = -a**3 - 11*a**2 + 11*a + 17. Give v(-12).
29
Let c(u) = -2*u**2 - 4*u + 7. Give c(-5).
-23
Let k(f) = f**3 + 7*f**2 + 3. Calculate k(-7).
3
Let z(b) = -2*b**3 - 5*b**2 - 7*b - 5. Give z(-2).
5
Let w(n) = n**3 + n**2 - 2*n + 10. Determine w(0).
10
Let l(d) = 2*d**2 + 51*d - 27. Determine l(-26).
-1
Let c(i) = i**2 - 29*i + 13. Give c(25).
-87
Let s(n) = n**3 + 23*n**2 + 20*n - 40. What is s(-22)?
4
Let j(p) = p**3 - 7*p**2 - p + 38. Give j(6).
-4
Let a(o) = 2*o**3 + 3*o**2 - 4*o - 4. What is a(-3)?
-19
Let z(x) = x**2 - 10*x + 8. Determine z(6).
-16
Let n(k) = -k - 19. Calculate n(-10).
-9
Let w(y) = y**2 + 17*y + 5. Calculate w(-17).
5
Let q(k) = -17*k + 56. What is q(7)?
-63
Let q(i) = -i**3 + 4*i**2 + 5*i - 1. Determine q(4).
19
Let a(y) = -10*y**3 - 3*y**2 - 4*y + 1. Determine a(-1).
12
Let a(o) = 38*o + 4. Determine a(-3).
-110
Let f(w) = w**3 - 6*w**2 + 2*w - 7. What is f(6)?
5
Let u(p) = 2*p**2 - 9*p - 15. Determine u(7).
20
Let p(h) = -5*h + 30. Give p(9).
-15
Let f(x) = -12*x + 6. What is f(-3)?
42
Let g(l) = -2*l**3 + 12*l**2 - l - 2. What is g(6)?
-8
Let j(d) = -27*d**3 - 2*d**2 + 1. Give j(1).
-28
Let k(h) = -h**2 + 12*h - 10. Determine k(5).
25
Let k(c) = -c**2 - 11*c - 21. Give k(-6).
9
Let l(u) = -u**2 + 2*u - 9. Determine l(6).
-33
Let d(f) = f**3 - 7*f**2 + 11*f. Give d(5).
5
Let p(u) = u**3 + 12*u**2 - 14*u - 26. Give p(-13).
-13
Let r(o) = o**2 - 9*o - 169. Determine r(19).
21
Let v(o) = -o**2 + 14*o - 6. What is v(14)?
-6
Let y(l) = -33*l - 191. What is y(-7)?
40
Let j(f) = f**2 + 5*f - 29. Give j(-7).
-15
Let d(b) = -b - 2. Calculate d(-6).
4
Let p(g) = -g**3 + 10*g**2 - 7*g - 18. What is p(8)?
54
Let y(b) = -b - 8. What is y(-9)?
1
Let y(j) = 21*j - 4. What is y(0)?
-4
Let j(w) = -4*w + 5. What is j(-5)?
25
Let d(b) = -9*b - 143. Determine d(-20).
37
Let o(d) = -d**3 + 7*d**2 + d - 3. What is o(7)?
4
Let w(y) = -14*y + 2. What is w(3)?
-40
Let x(c) = -4*c - 42. Give x(0).
-42
Let s(f) = 13*f - 66. Calculate s(5).
-1
Let k(q) = q**3 + 6*q**2 - 3*q + 5. Determine k(-6).
23
Let f(v) = -4*v - 8. Calculate f(10).
-48
Let k(c) = 3*c**2 - 28*c - 3. Give k(8).
-35
Let y(i) = -i**2 - 12*i - 45. What is y(-6)?
-9
Let p(f) = 4*f + 12. Give p(-13).
-40
Let v(u) = -u**3 + 8*u**2 - 8. Determine v(8).
-8
Let i(w) = -9*w - 165. Calculate i(-16).
-21
Let u(z) = -2*z**3 + 9*z**2 + 15*z - 1. What is u(6)?
-19
Let v(x) = -60*x**2 - 3*x - 2. Calculate v(-1).
-59
Let t(g) = -10*g - 317. Give t(-32).
3
Let h(l) = -l**3 + 14*l**2 + 15*l + 8. What is h(15)?
8
Let t(h) = -8*h**3 - h**2 + 1. What is t(1)?
-8
Let p(k) = k**3 + 5*k**2 + 4*k - 5. What is p(-4)?
-5
Let l(g) = -3*g**2 + 6*g + 21. Calculate l(-4).
-51
Let w(d) = -d**3 - 10*d**2 - 8*d + 7. Determine w(-9).
-2
Let h(s) = 35*s - 3. Calculate h(1).
32
Let v(j) = -j - 42. Determine v(0).
-42
Let i(h) = -25*h + 28. Give i(2).
-22
Let i(w) = w**2 - 16*w + 53. Calculate i(11).
-2
Let w(p) = -p**3 + 13*p**2 + 2*p - 13. Calculate w(13).
13
Let o(n) = 727*n - 4366. Give o(6).
-4
Let s(x) = x**2 - 18*x - 10. What is s(18)?
-10
Let d(j) = 3*j**3 + 28*j**2 - 23*j - 31. What is d(-10)?
-1
Let b(u) = -u**3 - 13*u**2 - u + 17. What is b(-13)?
30
Let d(c) = c**3 + c**2 - 13*c - 11. Determine d(-4).
-7
Let g(d) = -d**2 + 2*d - 2. Give g(3).
-5
Let j(h) = -2*h**2 + 23*h + 13. Give j(13).
-26
Let j(i) = -14*i**2 - 3*i + 2. Calculate j(2).
-60
Let v(g) = -8*g**3 + 2*g**2 - 2*g - 2. Determine v(-1).
10
Let k(s) = -2*s**2 - 45*s - 33. What is k(-22)?
-11
Let q(d) = d**2 - 3*d - 5. Give q(4).
-1
Let p(n) = 2*n**2 + 31*n + 18. Give p(-15).
3
Let h(s) = -s**2 + 17*s + 2. Determine h(17).
2
Let j(z) = -z**2 - 4*z - 1. Give j(-5).
-6
Let g(p) = -p**2 + 11*p + 4. Calculate g(8).
28
Let z(d) = -d**2 + 7*d + 44. Calculate z(11).
0
Let x(o) = -24*o - 4. Calculate x(-4).
92
Let o(r) = 5*r + 9. Give o(6).
39
Let o(q) = -q**2 + 14*q + 15. What is o(-8)?
-161
Let x(w) = -w**3 + 6*w**2 + 9*w - 15. Determine x(7).
-1
Let k(b) = 8*b**2 + 43*b + 10. Determine k(-4).
-34
Let d(b) = -b**3 + 6*b**2 - 3*b + 7. Determine d(7).
-63
Let n(h) = 5*h**3 - 10*h**2 - 4*h + 4. Calculate n(2).
-4
Let c(z) = z**3 - 13*z**2 + 7. Give c(13).
7
Let a(p) = 6*p - 16. Determine a(-8).
-64
Let u(q) = 8*q + 3. Determine u(-6).
-45
Let x(b) = -2*b**2 + 57*b + 43. What is x(31)?
-112
Let p(y) = -16*y + 24. Give p(6).
-72
Let v(n) = -n**3 + 14*n**2 - n + 12. Give v(14).
-2
Let m(c) = 5*c + 27. Determine m(-13).
-38
Let n(h) = -13*h**3 - 6*h**2 + 9*h - 2. Calculate n(1).
-12
Let n(k) = -76*k - 457. Give n(-6).
-1
Let s(d) = 2*d**3 + 34*d**2 - 35*d + 24. Determine s(-18).
6
Let p(l) = l - 1. Give p(-5).
-6
Let s(d) = 52*d**2 + 1. Calculate s(-1).
53
Let f(o) = -4*o**2 + 39*o - 10. Determine f(10).
-20
Let i(z) = -8*z - 4. Calculate i(-3).
20
Let c(h) = h**3 - 15*h**2 + 18*h + 2. What is c(14)?
58
Let l(h) = h - 22. Give l(16).
-6
Let z(v) = 21*v + 2. Give z(1).
23
Let g(m) = -67*m**3 + 5*m**2 + 6*m + 3. Determine g(-1).
69
Let d(s) = s**3 + s**2 - 3*s - 2. What is d(3)?
25
Let b(t) = 4*t - 19. Determine b(-6).
-43
Let g(n) = n**3 + 4*n**2 - 9. Calculate g(-4).
-9
Let i(z) = -z**2 - 3*z + 46. Calculate i(5).
6
Let v(s) = 2*s**2 + 44*s - 341. Determine v(6).
-5
Let s(d) = 2*d**2 - 24*d - 3. Calculate s(12).
-3
Let h(g) = g**3 - 19*g**2 - 20. Determine h(19).
-20
Let h(d) = -29*d + 209. Calculate h(7).
6
Let r(s) = -11*s + 1. Determine r(-3).
34
Let g(n) = -50*n + 496. Calculate g(10).
-4
Let k(x) =